2).
-4
What is -4 - (13 - 12) - -8?
3
What is (-16 - -28) + (-1 - 7)?
4
Evaluate (0 - (7 - 12)) + -4 + 0.
1
(-23 - -21) + (-2 - -2) + 2
0
Calculate -5 + (-3 - (-2 - 1)).
-5
What is the value of 0 + (2 - (1 - -3 - 2))?
0
Evaluate 3 - (0 + -5 + 2).
6
What is 7 + -2 - (8 - 1)?
-2
Calculate (6 - 4) + -13 - -6.
-5
What is the value of -4 - 1 - (-9 - 4 - -7)?
1
Calculate 6 + -6 + 6 + 2.
8
What is 2 - (11 - (3 - 4 - -6))?
-4
Calculate 7 - (-6 - (-12 - -1)).
2
What is 6 - 0 - (-42 + 46)?
2
Evaluate 8 + (-8 - 8) + 14.
6
What is -3 + (2 - -3) + -4 + 7?
5
What is 0 - (4 + 1 + -8)?
3
What is -5 - (2 + -1 - -1 - 4)?
-3
(-7 - -4) + (-1 - -4) - -1
1
What is 3 - (0 - 2 - -8)?
-3
Evaluate -7 - (-1 - (4 + 1)).
-1
-4 + 3 + -7 - 1 - 0
-9
-9 + 10 - (1 + 2)
-2
What is the value of 4 + -2 - -2 - 0?
4
-4 - 7 - -9 - 1
-3
What is the value of 0 - (-1 + 5 + 5 + -5)?
-4
Evaluate 4 + (1 - (-2 - -2)) + -4.
1
-3 + 4 + 0 + -1 - -3
3
What is 6 - ((7 - 4 - -5) + -5)?
3
Evaluate -5 - (2 + 0 + -5 - 9).
7
-7 - (-7 + 9 - 7)
-2
What is -1 - -2 - (2 - (-3 + 4))?
0
Evaluate -9 - (-2 + -6 + 1).
-2
What is the value of 4 + 0 + 5 + -4?
5
Evaluate 2 + -8 + 11 + -5 + 1.
1
Evaluate 1 - (0 - -8) - (-9 - 5).
7
Calculate 3 - (2 + (-11 - -3 - -4)).
5
What is (-2 - 1) + -18 + 29?
8
What is -45 - -51 - ((2 - 4) + 3)?
5
What is the value of 2 + (-7 - (7 + -8 + 3))?
-7
What is the value of 7 - (3 + 5 - -1)?
-2
-3 - (6 - (-8 - -18))
1
What is 0 - -1 - (-2 - (7 + -13))?
-3
What is -2 + -7 - (-16 + 13)?
-6
11 - (16 + -4 + 0 + -6)
5
What is (-1 - (-2 - 0)) + 7 - 3?
5
What is 20 + (-9 - (8 + -5))?
8
What is the value of -1 - (1 - (-3 + 3 + 2))?
0
What is (-4 - -3) + -2 + 5?
2
5 - (15 + (6 - 9))
-7
What is the value of -6 - -8 - (-1 - (2 + 1))?
6
Evaluate -4 + 1 - (6 + (2 - 6)).
-5
Calculate (-4 - 1) + 2 + 1.
-2
-6 + 12 + (-1 - -3) + -4
4
7 - (6 - -2) - -5
4
What is the value of -1 + (1 - (5 - 0 - 10))?
5
What is (3 - 0) + -3 + 1?
1
Calculate (8 - (7 - 4 - 2)) + 2.
9
Calculate -3 - (1 - (-1 - -4)).
-1
Calculate -1 - (2 + 2 + -1 + -6).
2
Evaluate (-4 - -4) + 1 + -1.
0
8 + -16 + 5 + 1 - 1
-3
Calculate (-3 - -1) + (-6 - (4 - 15)).
3
4 - (6 - 4) - 1
1
Calculate (2 + 1 - 3) + -3.
-3
What is the value of -17 + 14 + 1 - (3 + 1)?
-6
What is the value of 5 - (8 - 4) - 5?
-4
Evaluate -3 + -2 + 1 + 8.
4
Calculate -11 + 3 - (1 - 16).
7
What is the value of 11 + 2 + -4 + -6?
3
What is the value of (2 - (-4 + 2 - -5)) + 9?
8
1 + -2 + (-1 - (-7 + 6))
-1
What is the value of -3 + 4 - 0 - 6?
-5
Calculate 1 + 4 + 6 + -4 + -12.
-5
(-11 - 1) + 10 + -6 + 3
-5
What is the value of -3 - -7 - (25 + -18)?
-3
What is -5 + (-1 - -4 - -7)?
5
What is the value of (-2 - -9) + -4 + (-1 - 0)?
2
Evaluate (-3 - 1) + (3 - (1 - -3)).
-5
6 - 3 - (-2 - -1)
4
Calculate -3 - -5 - (0 + 1 - 4).
5
What is -4 + 14 + -4 - 7?
-1
What is the value of -1 - (2 + -1) - -4 - -3?
5
Evaluate 0 + 5 + 2 - (15 + -7).
-1
What is (2 - 1) + 8 + -20 + 4?
-7
Evaluate (-3 - -1 - (-1 - -2)) + 9.
6
1 + -6 + 9 + -1 - 7
-4
Calculate 0 + -5 + 3 - (4 + -10).
4
Evaluate 1 + 1 - (76 - 70).
-4
Evaluate 4 + -6 - (-1 + -8).
7
Evaluate 3 + -2 + 2 + (-22 - -12).
-7
(0 - 1) + (-5 + 6 - -5)
5
(7 + 2 + -3 - 3) + -4
-1
What is the value of (0 - -11 - 18) + 6?
-1
Calculate 0 + -1 + 5 + -5.
-1
What is the value of 15 - 13 - (-1 - 0)?
3
What is -7 - (5 + -2 + -4)?
-6
What is 10 + -19 + 0 + 4 + -5?
-10
Evaluate 7 + 1 + -7 + 2.
3
Calculate (0 + 0 - (5 + -3)) + 1.
-1
Calculate 1 + 0 + -5 + (6 - 5).
-3
Evaluate -3 - (4 + (-15 - -4)) - 2.
2
What is 16 - 6 - (-4 + (2 - -5))?
7
Evaluate (-8 - -4 - (3 + -3)) + 14.
10
Calculate 3 + (2 - (1 + 4 + -5)).
5
What is the value of -3 + 8 + -11 - -1?
-5
Calculate (-1 - 5) + (-4 - -11).
1
What is -3 - (5 - 3) - (1 - 1)?
-5
What is 0 - (-5 + -3 - 0) - 4?
4
What is the value of (4 - 5 - -3) + -1?
1
Evaluate 3 - (-3 + 7 - 1).
0
What is (4 - 1) + 0 + -2?
1
What is 8 + (9 - 26) - (0 + -4)?
-5
(6 - 5 - 7 - -3) + 1
-2
What is the value of 9 - ((-11 - -25) + -16)?
11
Evaluate -7 + 0 + 1 + 4.
-2
Evaluate -3 + (2 - (3 + 1 - -1)).
-6
Evaluate 1 + -1 + 1 + (1 - 5).
-3
(8 - 2) + -3 + (2 - 0)
5
-54 + 53 - (3 - 0)
-4
What is the value of (-11 - -19) + -5 + -13?
-10
What is the value of -2 + 4 - (5 + -5) - -3?
5
Evaluate 0 + 2 + -1 + -3 + 1.
-1
What is the value of 10 + 0 + -6 + 0?
4
What is the value of (15 - 4) + -1 + -8?
2
Evaluate 11 + 11 + (-5 - 15).
2
What is 2 + -3 + 2 - 3 - -1?
-1
What is 8 - 17 - (-4 + -1) - 3?
-7
11 + 0 + -4 + 0
7
What is the value of (1 - (5 + 4 + 2)) + 4?
-6
Evaluate (11 + -24 - -12) + 2.
1
Calculate (-1 - (0 + -3)) + 129 + -130.
1
Calculate -261 + 272 - (7 - (-1 - -2)).
5
Evaluate 12 + -15 - (-1 + -7).
5
What is the value of 8 + (5 - (4 + 8))?
1
What is (1 + 1 - (-4 - -10)) + 7?
3
54 - 59 - (0 - -2)
-7
What is -2 - -1 - -8 - 3?
4
Evaluate 0 + (2 - 1) + -4.
-3
Calculate 3 + 0 + -1 - 0.
2
Calculate -11 + 13 + 5 - (-2 - -8).
1
Calculate -12 - (-3 - (6 - -8)).
5
-2 - (-2 + -1 - (-6 - -4))
-1
What is the value of (24 - 12) + -9 - (8 + 2)?
-7
Evaluate 1 + -2 + (3 - -2) + -3.
1
Calculate -17 + 11 + 5 - (1 - -2).
-4
What is the value of -2 - (-3 + 1 - -4) - 0?
-4
What is (10 - 12 - 8) + 12?
2
What is the value of 5 + -2 + 6 + -5 + -2?
2
14 + -16 + (-2 - 0) + 4
0
10 - (-5 + 24 - 10)
1
(-2 - -2 - -2) + -13 + 14
3
Evaluate 7 - ((-1 - -3) + 2).
3
Evaluate (4 - 6 - 1) + 3.
0
Calculate -2 - -1 - (-1 + -5).
5
What is 1 + 0 + (8 - 4)?
5
Evaluate -17 + 15 + (7 - -1).
6
-11 - ((3 - -5) + -14)
-5
Evaluate -3 + (9 - 2) - 5 - -2.
1
Calculate -3 + 4 + 2 + (-11 - -3).
-5
0 + 0 + 1 + (-9 - -1)
-7
Calculate -3 - (-1 + (-1 - -4)).
-5
Calculate 4 + 8 + (-13 - 10).
-11
Evaluate 251 - 253 - (1 + -1).
-2
(2 - 8) + 3 + 5 + -1
1
Evaluate 28 + -25 + (-1 - -1).
3
What is -4 + (3 - (2 + (-6 - -5)))?
-2
Evaluate 4 + -3 + (-3 - 1 - -3).
0
-6 + 1 - (73 - 85)
7
What is the value of (-23 - -26) + 1 + -1?
3
Evaluate (-6 + 8 - (0 + 0)) + -2.
0
1 + 0 + -3 - (-7 - -5)
0
What is the value of -3 - -2 - 5 - (28 - 33)?
-1
Calculate 17 - (4 - (8 - 13)).
8
(-4 - (-4 - 1)) + 2
3
What is the value of -19 + 4 + 4 - -20?
9
Evaluate -4 + 5 + 1 + 1.
3
(-12 - (12 + -22)) + 4 + 0
2
Evaluate -3 - ((-1 - 8) + 3).
3
1 + 0 - (13 - 13)
1
-3 + 0 - (0 + 2 - 3)
-2
(20 - 8) + -8 + -1 + -1
2
What is (4 + -10 - -3) + 4?
1
Evaluate 13 - 7 - (1 + 9).
-4
What is -1 + (7 - (-1 + 3))?
4
1 + (-2 - (-5 + 6))
-2
What is -39 + 34 + 8 + -1?
2
What is (16 - 7 - 19) + 5?
-5
0 - 1 - (-5 + 24 - 18)
-2
1 + -1 + -3 + (1 - -8)
6
What is (-18 - -24) + (-6 - -2) + 3?
5
What is (24 - 22) + (-4 - (-1 - 1))?
0
Evaluate 17 + -10 - (12 - 2).
-3
Evaluate -1 + (3 - 4) + 7.
5
What is -30 - -28 - (-7 + 0) - 12?
-7
What is 2 - 7 - (2 + -10 + -3)?
6
Evaluate 1 + -4 + (-6 + 1 - -5).
-3
4 - (0 + 4 + -2)
2
What is -3 + 8 + -7 + 5?
3
What is 1 + 0 + (-1 - (-4 + 9))?
-5
What is the value of (1 - 3) + 5 + -5?
-2
Evaluate -3 + -7 + 4 + (1 - -1).
-4
What is -2 + -1 - (-1 + (-6 - -10))?
-6
Calculate 7 + (-11 - -4) + 1.
1
Calculate 0 - ((17 - 11) + (-7 - 1)).
2
Evaluate 1 + 5 + -3 + -5 + 9.
7
What is the value of (3 - (-4 + 3)) + 0 - 2?
2
5 + (5 - (3 + 10)) + 6
3
What is -2 + (0 + -3 - -10) - 1?
4
-40 + 31 + (3 + -1 - 0)
-7
What is the value of (-15 + 9 - (-1 - 4)) + 8?
7
Evaluate 0 + 3 + 3 + -2 + 0.
4
Calculate -2 + (-12 + 7 - (0 - 10)).
3
What is (13 - 15) + -3 - (-1 - 3)?
-1
What is the value of -1 + 0 + (4 - 0)?
3
What is the value of 12 + (5 - (21 + 3))?
-7
Calculate 4 - (3 + 2 + -3 + 0).
2
What is the value of -4 + 7 + -10 + 5?
-2
What is the value of 6 + -9 + (7 - 2)?
2
Evaluate (13 - 15) + 5 - (1 + -2).
4
1 - 0 - (3 - (5 + 1))
4
Calculate 5 + -1 + 7 + -8.
3
What is (0 - (4 - 4)) + 7 + -2?
5
What is (8 - 1) + (-4 - -3 - 3)?
3
Calculate 287 + -291 - (-10 - -1).
5
Evaluate 1 - (2 + -2 - (0 - 0)).
1
What is 1 - -1 - (41 - 41)?
2
7 + -16 + 3 + 8
2
Calculate 1 + 8 - (65 + -56).
0
What is the value of -5 - (7 + -14 + 1 + 5)?
-4
What is the value of 0 - 2 - (11 - 15)?
2
7 - 8 - (-1 - 3)
3
What is 4 - (-1 - -4) - 11 - -2?
-8
Calculate 2 + (-1 - -1) + -1.
1
What is the value of -117 + 114 - (-5 - 1)?
3
What is 3 - 5 - (-10 + 2)?
6
What is -1 + -3 + -2 + 13 + -12?
-5
(-2 - -14) + 99 + -117
-6
What is 5 - ((2 - -11) + -1)?
-7
Evaluate -6 - -7 - (-4 - (2 - 4)).
3
What is the value of 5 - ((-4 - -6) + 4)?
-1
Calculate 4 + -1 - 0 - (26 + -28).
5
